n 20 is divided by x?
4
Let a = 69 + -59. Let k = -1 + 3. Suppose 2 = -k*j + 8. Calculate the remainder when a is divided by j.
1
Let o(r) = 15*r**2 - 1. Suppose 38*a - 33*a = 125. Suppose 0 = 3*d - a + 13. What is the remainder when o(-1) is divided by d?
2
Let j = 1146 - 676. Calculate the remainder when j is divided by 68.
62
Suppose 6*z - 2*z - 32 = 0. What is the remainder when 14 is divided by z?
6
Let z be -7 + 4 - 1/1. Let g(d) = -3*d**2 + d + 9. Let x(l) = l**2 - l. Let h(i) = -g(i) - x(i). What is the remainder when h(z) is divided by 12?
11
Suppose -n = -0*n - 11. Suppose -s = -2*m - 0*s + 88, 2*s + 4 = 0. Calculate the remainder when m is divided by n.
10
Let k(b) be the first derivative of b**4/4 + 8*b**3/3 - 3*b**2 - 2*b - 7. Suppose 3*f - 2*f - 30 = 0. What is the remainder when k(-7) is divided by f?
29
Let o(l) = -3*l + 3*l - 3*l - 8. Calculate the remainder when (-113)/(-3) - (-2)/6 is divided by o(-6).
8
Let t = 3432 - 3413. Let j = 136 + -63. Calculate the remainder when j is divided by t.
16
Let r be (88 - -1) + (-1 - 1)/(-2). Suppose 2*v = 3*m - 0*v - r, 0 = m + 5*v - 13. Calculate the remainder when m is divided by 10.
8
Suppose -4*u - 5*k - 319 = 11, -k = 2*u + 162. Let g = 235 + u. Calculate the remainder when g is divided by 40.
35
Let b = 25 + -21. Suppose -g + 43 = 5*y, 0*y + b*y = -5*g + 47. What is the remainder when 31 is divided by y?
7
Let i(s) = -s**2 + 13*s + 16. Let z be i(14). Suppose -z*q = -0*q - 8. What is the remainder when (-197)/(-13) - (3 - (-74)/(-26)) is divided by q?
3
What is the remainder when -8 + (1 - 0 - -192) is divided by 94?
91
Let g = -614 + 671. Calculate the remainder when 260 is divided by g.
32
Suppose 295*u + 240 = 311*u. What is the remainder when 1932 is divided by u?
12
Let l be ((-1)/(-1))/(1/(-12)). Let o(h) = -3*h + 1. What is the remainder when o(l) is divided by 3 - 3/(9/(-30))?
11
What is the remainder when 157 is divided by (5*(1 + 15))/2?
37
Let k(p) be the second derivative of p**5/20 + p**4/6 - 7*p**3/3 + p**2 - 46*p. Let z = -4 - -15. What is the remainder when k(4) is divided by z?
9
Suppose -6*u - 578 + 2618 = 0. Calculate the remainder when u is divided by 31.
30
Let w = 38 - 38. Suppose -7 = -k + p, w*p - 35 = -5*k + 2*p. What is the remainder when 21 is divided by k?
0
Calculate the remainder when 3561 is divided by (-91)/(-39)*-3 - -115.
105
Suppose 0*r = -2*r + 22. Suppose 0 = -2*j - 0*j + 148. Suppose -4*g + 98 = -j. Calculate the remainder when g is divided by r.
10
Let k(l) = -2*l**2 + 47. Let z = -5 - -5. What is the remainder when k(z) is divided by 12?
11
Suppose 2*p = 7*p - 5*u - 335, 0 = -2*p - 2*u + 142. What is the remainder when p is divided by 1?
0
Suppose 125 + 87 = -4*p. Let t = p - -67. Calculate the remainder when 41 is divided by t.
13
Let s(q) = -17*q - 184. Calculate the remainder when 186 is divided by s(-12).
6
Let o(m) = -7*m - 206. Calculate the remainder when 14 is divided by o(-30).
2
Suppose 1819 = 7*s + 237. What is the remainder when s is divided by 57?
55
Suppose 7*l - 4*l = 21. Let f(a) be the first derivative of -a**4/4 + 7*a**3/3 + 8*a + 3. What is the remainder when 28 is divided by f(l)?
4
Suppose -6*m + 224 + 748 = 0. Suppose 46 = 2*f - 20. What is the remainder when m is divided by f?
30
Suppose -m = 1, w = 2*m - 5*m + 2. Suppose g + z = 4*g - 98, 3*g + w*z = 104. Calculate the remainder when g is divided by 7.
5
What is the remainder when 7/(56/3336) - (-1 - -1) is divided by 22?
21
Suppose -2*y + 15 = 3*y. Suppose i = 4*i + y*r - 72, -i = 3*r - 24. Calculate the remainder when i is divided by 5.
4
Let m(f) = 16*f - 44. Calculate the remainder when m(16) is divided by 74.
64
Suppose -5*c - 574 + 579 = 0. Suppose 25 = 4*o + 5. Let h = o - c. Calculate the remainder when 6 is divided by h.
2
Let j = 30 + -2. What is the remainder when 83 is divided by 4*(12/j + (-214)/(-56))?
15
Suppose -i + 3*r = -6 - 56, -5*r + 228 = 3*i. Let j = i - -13. Calculate the remainder when j is divided by 22.
18
Let a(k) = 9*k + 203. Calculate the remainder when 429 is divided by a(-13).
85
Let h = 986 - 473. What is the remainder when h is divided by 74?
69
Let x(m) = 6*m**2 + 6*m + 1. What is the remainder when 183 is divided by x(-3)?
35
Let y(w) = 4*w + 13. Let g be y(-4). Let n = g - -46. What is the remainder when n is divided by 6/(-4)*(5 - 11)?
7
Let l = 57 - 44. Let i(f) be the third derivative of 7*f**5/30 - f**4/8 + f**2. What is the remainder when i(2) is divided by l?
11
Suppose 0 = 4*k + 5*p - 155, 3*k - 5*k + 2*p = -82. Calculate the remainder when 1076 is divided by k.
36
Let n be -2*(27/6 + -3). Calculate the remainder when ((-1)/2 + 1)*(-1 + 23) is divided by (n - (-4 + 2)) + 7.
5
Suppose -18 = -12*v + 6*v. Calculate the remainder when (4 + (-14)/v)/(3/(-207)) is divided by 7.
4
What is the remainder when 344 is divided by 425/6 - ((-660)/72 + 9)?
60
Let t(q) = -2*q**2 + 29*q + 2. Calculate the remainder when 193 is divided by t(12).
7
Suppose -29 = 3*a - 47. Suppose 0 = 3*g + 2*y - 136, g - a*y + 2*y = 64. Calculate the remainder when g is divided by 17.
14
Let k(q) = q**3 + 12*q**2 - 33*q - 2. Calculate the remainder when k(-14) is divided by 23.
22
Let f = -35 - -62. Suppose v - 2*q - 71 = 0, -v + 7*q = 6*q - 75. What is the remainder when v is divided by f?
25
Let y = -791 - -922. What is the remainder when y is divided by 45?
41
Let h be 5 + (-6 - -5 - -31). Let v(m) = m + 37. Let l be v(0). Suppose 3*w - l - h = 0. Calculate the remainder when w is divided by 13.
11
Let y(t) = 5*t**2 + 2*t - 6. Let s be y(-4). Suppose -g + 6*g - 55 = 0. What is the remainder when g is divided by 22/3 - 22/s?
4
Let m(n) = -6*n - 13. Let b(g) = 2*g - 5. Let r be b(7). Let a be m(r). Calculate the remainder when (-3 + 1)/(2/a) is divided by 17.
16
Calculate the remainder when 62 is divided by (68 - 128)*(-2)/6.
2
Suppose 18 + 12 = 3*a. Suppose -20 - a = -c. What is the remainder when 85 is divided by c?
25
Let s = 177 + -75. Suppose -2*i = 142 - 156. Calculate the remainder when s is divided by i.
4
Suppose 4*z + 113 = 5*z. Let m = -96 + 1596. Calculate the remainder when z is divided by 2/13 - m/(-52).
26
Suppose -8*t + 3015 = 1807. Calculate the remainder when t is divided by 45.
16
Let i be ((-21)/6 + 3)*(1 - 1). Calculate the remainder when (i + -4)/(1/(-16)) is divided by 22.
20
Suppose -2*c - 3*c = -2*l - 36, -4*c = 5*l - 42. Let a = -65 - -75. Suppose 0 = a*g - 38 - 112. What is the remainder when g is divided by c?
7
Let u(f) = -f**3 + 10*f**2 - 7*f - 9. Let n be u(9). Let y = 25 - 13. Suppose -x - n = -y. Calculate the remainder when 7 is divided by x.
1
Let w = -2850 - -2878. What is the remainder when w is divided by 26?
2
Suppose k = w + 29, -2 = w - 1. Calculate the remainder when (-27)/6*(-3300)/135 is divided by k.
26
Suppose -4*b + 2*g + 20 = 0, 28 = 5*b - b + 2*g. Suppose -11*o = -15*o - 188. Let u = -37 - o. Calculate the remainder when u is divided by b.
4
Let x(p) = p**3 + 17*p**2 + 30*p + 30. Let q be x(-15). Let j be (-60)/9 + (-1)/3. What is the remainder when 67 is divided by (j/(-2))/(3/q)?
32
Let q be 28/(-49)*(-238)/4. Let m = 63 - q. Suppose 0 = -6*y - m + 89. What is the remainder when 18 is divided by y?
8
Let g(d) = 4*d**2 + 26*d + 253. Calculate the remainder when g(-8) is divided by 51.
46
Let t be 5 + (-1)/1 + -1. Suppose t*w - 1 - 62 = 0. Calculate the remainder when w is divided by 6.
3
Let n(m) = 2*m**3 - 33*m**2 + 31*m - 139. What is the remainder when n(16) is divided by 50?
1
Let q be -3*(0 - 80/(-15)). Let c = q + 66. What is the remainder when c is divided by 13?
11
Let h(m) = 12*m - 35. Let y be h(25). Let t = -177 + y. What is the remainder when t is divided by 30?
28
Let o(b) = -34*b**3 - b**2 + b + 1. Let p = -17 + 16. Let f be o(p). Suppose -3*n = -0*n - f. Calculate the remainder when 30 is divided by n.
8
Let b = -2 + 3. What is the remainder when (-6)/b*-7*1 is divided by 15?
12
Let v(o) = 16*o**3 - 12*o - 8. Let d(z) = 5*z**3 - 4*z - 3. Let h(a) = 10*d(a) - 3*v(a). Calculate the remainder when 71 is divided by h(3).
35
Let r be 3*(-83)/(-3) - -4. Let h = -44 + r. Suppose -4*m - h = -z, 33 = -z + 2*z - 2*m. Calculate the remainder when z is divided by 12.
11
Let w(g) = -2*g**2 + 6*g - 8. Let